{"id":374,"date":"2016-04-08T15:50:30","date_gmt":"2016-04-08T15:50:30","guid":{"rendered":"https:\/\/centropodologicocrevillente.com\/?page_id=374"},"modified":"2016-04-08T17:09:05","modified_gmt":"2016-04-08T17:09:05","slug":"una-en-pinza","status":"publish","type":"page","link":"https:\/\/centropodologicocrevillente.com\/?page_id=374","title":{"rendered":"Cirug\u00eda de la u\u00f1a en pinza"},"content":{"rendered":"<p>Se caracteriza por el aspecto en pinza de la u\u00f1a, dolor y frecuentemente, una ex\u00f3stosis en la falange subyacente. La u\u00f1a tiene un aumento de la curvatura transversal a lo largo del eje longitudinal de la u\u00f1a lo que origina un pinzamiento de los bordes periungueales. Los principales factores que favorecen la\u00a0u\u00f1a en pinza\u00a0son: Calzado inadecuado, corte inadecuado de la u\u00f1a, obesidad, edad, problemas ortop\u00e9dicos (sobreposici\u00f3n de los dedos).<\/p>\n","protected":false},"excerpt":{"rendered":"<p>Se caracteriza por el aspecto en pinza de la u\u00f1a, dolor y frecuentemente, una ex\u00f3stosis en la falange subyacente. La u\u00f1a tiene un aumento de la curvatura transversal a lo [&hellip;]<\/p>\n","protected":false},"author":1,"featured_media":0,"parent":0,"menu_order":0,"comment_status":"closed","ping_status":"closed","template":"","meta":{"footnotes":""},"class_list":["post-374","page","type-page","status-publish","hentry"],"aioseo_notices":[],"_links":{"self":[{"href":"https:\/\/centropodologicocrevillente.com\/index.php?rest_route=\/wp\/v2\/pages\/374","targetHints":{"allow":["GET"]}}],"collection":[{"href":"https:\/\/centropodologicocrevillente.com\/index.php?rest_route=\/wp\/v2\/pages"}],"about":[{"href":"https:\/\/centropodologicocrevillente.com\/index.php?rest_route=\/wp\/v2\/types\/page"}],"author":[{"embeddable":true,"href":"https:\/\/centropodologicocrevillente.com\/index.php?rest_route=\/wp\/v2\/users\/1"}],"replies":[{"embeddable":true,"href":"https:\/\/centropodologicocrevillente.com\/index.php?rest_route=%2Fwp%2Fv2%2Fcomments&post=374"}],"version-history":[{"count":2,"href":"https:\/\/centropodologicocrevillente.com\/index.php?rest_route=\/wp\/v2\/pages\/374\/revisions"}],"predecessor-version":[{"id":424,"href":"https:\/\/centropodologicocrevillente.com\/index.php?rest_route=\/wp\/v2\/pages\/374\/revisions\/424"}],"wp:attachment":[{"href":"https:\/\/centropodologicocrevillente.com\/index.php?rest_route=%2Fwp%2Fv2%2Fmedia&parent=374"}],"curies":[{"name":"wp","href":"https:\/\/api.w.org\/{rel}","templated":true}]}}