{"id":180,"date":"2016-01-21T13:49:33","date_gmt":"2016-01-21T13:49:33","guid":{"rendered":"https:\/\/centropodologicocrevillente.com\/?page_id=180"},"modified":"2016-04-08T16:06:48","modified_gmt":"2016-04-08T16:06:48","slug":"cirugia-minima-incision-mis","status":"publish","type":"page","link":"https:\/\/centropodologicocrevillente.com\/?page_id=180","title":{"rendered":"Cirug\u00eda M\u00ednima Incisi\u00f3n (MIS)"},"content":{"rendered":"<p>CIRUG\u00cdA DE LA U\u00d1A Y CIRUG\u00cdA M\u00cdNIMA INCISI\u00d3N (MIS): u\u00f1as encarnadas, u\u00f1as en pinza, dedos en garra, juanetes, helomas interdigitales, espolones. Todas estas alteraciones se pueden solucionar, porque somos especialistas en continua formaci\u00f3n para ofrecerles los \u00faltimos avances en cirug\u00eda .<\/p>\n<p>&nbsp;<\/p>\n<p>&nbsp;<\/p>\n<p>&nbsp;<\/p>\n","protected":false},"excerpt":{"rendered":"<p>CIRUG\u00cdA DE LA U\u00d1A Y CIRUG\u00cdA M\u00cdNIMA INCISI\u00d3N (MIS): u\u00f1as encarnadas, u\u00f1as en pinza, dedos en garra, juanetes, helomas interdigitales, espolones. Todas estas alteraciones se pueden solucionar, porque somos especialistas [&hellip;]<\/p>\n","protected":false},"author":1,"featured_media":0,"parent":0,"menu_order":0,"comment_status":"closed","ping_status":"closed","template":"","meta":{"footnotes":""},"class_list":["post-180","page","type-page","status-publish","hentry"],"aioseo_notices":[],"_links":{"self":[{"href":"https:\/\/centropodologicocrevillente.com\/index.php?rest_route=\/wp\/v2\/pages\/180","targetHints":{"allow":["GET"]}}],"collection":[{"href":"https:\/\/centropodologicocrevillente.com\/index.php?rest_route=\/wp\/v2\/pages"}],"about":[{"href":"https:\/\/centropodologicocrevillente.com\/index.php?rest_route=\/wp\/v2\/types\/page"}],"author":[{"embeddable":true,"href":"https:\/\/centropodologicocrevillente.com\/index.php?rest_route=\/wp\/v2\/users\/1"}],"replies":[{"embeddable":true,"href":"https:\/\/centropodologicocrevillente.com\/index.php?rest_route=%2Fwp%2Fv2%2Fcomments&post=180"}],"version-history":[{"count":7,"href":"https:\/\/centropodologicocrevillente.com\/index.php?rest_route=\/wp\/v2\/pages\/180\/revisions"}],"predecessor-version":[{"id":421,"href":"https:\/\/centropodologicocrevillente.com\/index.php?rest_route=\/wp\/v2\/pages\/180\/revisions\/421"}],"wp:attachment":[{"href":"https:\/\/centropodologicocrevillente.com\/index.php?rest_route=%2Fwp%2Fv2%2Fmedia&parent=180"}],"curies":[{"name":"wp","href":"https:\/\/api.w.org\/{rel}","templated":true}]}}