{"id":170,"date":"2016-01-21T13:49:33","date_gmt":"2016-01-21T13:49:33","guid":{"rendered":"https:\/\/centropodologicocrevillente.com\/?page_id=170"},"modified":"2016-04-08T15:50:30","modified_gmt":"2016-04-08T15:50:30","slug":"tratamiento-de-los-hongos","status":"publish","type":"page","link":"https:\/\/centropodologicocrevillente.com\/?page_id=170","title":{"rendered":"Tratamiento de los Hongos"},"content":{"rendered":"<p>&nbsp;<\/p>\n<p align=\"JUSTIFY\"><span style=\"font-size: small;\"><b>\u00bfQu\u00e9 son los hongos en los pies?<\/b><\/span><\/p>\n<p align=\"JUSTIFY\"><span style=\"font-size: small;\">El <em><strong>pie de atleta \u00a0<\/strong><\/em>es una infecci\u00f3n de los espacios entre los dedos de la planta del pie, producida por hongos. Tambi\u00e9n se llama <em>ti\u00f1a podal<\/em>o <em>tinea pedis<\/em>.\u00a0<\/span><\/p>\n<p align=\"JUSTIFY\"><span style=\"font-size: small;\">La <em><strong>paroniquia<\/strong><\/em> es una forma especial de hongos en las u\u00f1as. Se inicia en el pliegue alrededor de la u\u00f1a. Se ve hinchado, rojo y doloroso, pudiendo salir exudado. Despu\u00e9s, se extiende al resto de la u\u00f1a.<\/span><\/p>\n<p align=\"JUSTIFY\"><span style=\"font-size: small;\"><b>\u00bfPor qu\u00e9 se producen?<\/b><\/span><\/p>\n<p align=\"JUSTIFY\"><span style=\"font-size: small;\">Estas infecciones las causan hongos similares al moho, que viven en el tejido muerto de la piel, el pelo y las u\u00f1as. Crecen en ambiente h\u00famedo y c\u00e1lido. Por esto, hay factores que predisponen, como: el calzado cerrado, las duchas y piscinas.<\/span><\/p>\n<p align=\"JUSTIFY\"><span style=\"font-size: small;\">En cuanto a los hongos de las u\u00f1as, son tambi\u00e9n factores de riesgo: tener lesiones leves en las u\u00f1as\u00a0o tener alguna deformidad o enfermedad en las u\u00f1as.<\/span><\/p>\n<p align=\"JUSTIFY\"><span style=\"font-size: small;\"><b>\u00bfQu\u00e9 s\u00edntomas presentan?<\/b><\/span><\/p>\n<p align=\"JUSTIFY\"><span style=\"font-size: small;\">En el <em>pie de atleta<\/em> hay enrojecimiento, picor, sensaci\u00f3n de quemaz\u00f3n, grietas o descamaci\u00f3n entre los dedos de los pies, ampollitas o peque\u00f1as escamas en la planta del pie y mal olor. Tambien puede asociar hongos en otras partes del cuerpo.<\/span><\/p>\n<p align=\"JUSTIFY\"><span style=\"font-size: small;\">En el caso de las u\u00f1as, \u00e9stas pueden ser fr\u00e1giles, decoloradas, blanquecinas o amarillentas, engrosadas, levantadas y rotas.<\/span><\/p>\n<p align=\"JUSTIFY\">\n<p><a href=\"https:\/\/centropodologicocrevillente.com\/wp-content\/uploads\/2016\/01\/hongos-5.jpg\" rel=\"attachment wp-att-362\"><img loading=\"lazy\" decoding=\"async\" class=\"alignnone size-medium wp-image-362\" src=\"https:\/\/centropodologicocrevillente.com\/wp-content\/uploads\/2016\/01\/hongos-5-300x188.jpg\" alt=\"hongos-5\" width=\"300\" height=\"188\" data-id=\"362\" srcset=\"https:\/\/centropodologicocrevillente.com\/wp-content\/uploads\/2016\/01\/hongos-5-300x188.jpg 300w, https:\/\/centropodologicocrevillente.com\/wp-content\/uploads\/2016\/01\/hongos-5.jpg 600w\" sizes=\"auto, (max-width: 300px) 100vw, 300px\" \/><\/a> <a href=\"https:\/\/centropodologicocrevillente.com\/wp-content\/uploads\/2016\/01\/hongos-en-los-pies-que-es.jpg\" rel=\"attachment wp-att-363\"><img loading=\"lazy\" decoding=\"async\" class=\"alignnone size-medium wp-image-363\" src=\"https:\/\/centropodologicocrevillente.com\/wp-content\/uploads\/2016\/01\/hongos-en-los-pies-que-es-300x225.jpg\" alt=\"hongos-en-los-pies-que-es\" width=\"300\" height=\"225\" data-id=\"363\" srcset=\"https:\/\/centropodologicocrevillente.com\/wp-content\/uploads\/2016\/01\/hongos-en-los-pies-que-es-300x225.jpg 300w, https:\/\/centropodologicocrevillente.com\/wp-content\/uploads\/2016\/01\/hongos-en-los-pies-que-es-768x576.jpg 768w, https:\/\/centropodologicocrevillente.com\/wp-content\/uploads\/2016\/01\/hongos-en-los-pies-que-es-1024x768.jpg 1024w, https:\/\/centropodologicocrevillente.com\/wp-content\/uploads\/2016\/01\/hongos-en-los-pies-que-es.jpg 1200w\" sizes=\"auto, (max-width: 300px) 100vw, 300px\" \/><\/a><\/p>\n","protected":false},"excerpt":{"rendered":"<p>&nbsp; \u00bfQu\u00e9 son los hongos en los pies? El pie de atleta \u00a0es una infecci\u00f3n de los espacios entre los dedos de la planta del pie, producida por hongos. Tambi\u00e9n [&hellip;]<\/p>\n","protected":false},"author":1,"featured_media":0,"parent":0,"menu_order":0,"comment_status":"closed","ping_status":"closed","template":"","meta":{"footnotes":""},"class_list":["post-170","page","type-page","status-publish","hentry"],"aioseo_notices":[],"_links":{"self":[{"href":"https:\/\/centropodologicocrevillente.com\/index.php?rest_route=\/wp\/v2\/pages\/170","targetHints":{"allow":["GET"]}}],"collection":[{"href":"https:\/\/centropodologicocrevillente.com\/index.php?rest_route=\/wp\/v2\/pages"}],"about":[{"href":"https:\/\/centropodologicocrevillente.com\/index.php?rest_route=\/wp\/v2\/types\/page"}],"author":[{"embeddable":true,"href":"https:\/\/centropodologicocrevillente.com\/index.php?rest_route=\/wp\/v2\/users\/1"}],"replies":[{"embeddable":true,"href":"https:\/\/centropodologicocrevillente.com\/index.php?rest_route=%2Fwp%2Fv2%2Fcomments&post=170"}],"version-history":[{"count":3,"href":"https:\/\/centropodologicocrevillente.com\/index.php?rest_route=\/wp\/v2\/pages\/170\/revisions"}],"predecessor-version":[{"id":365,"href":"https:\/\/centropodologicocrevillente.com\/index.php?rest_route=\/wp\/v2\/pages\/170\/revisions\/365"}],"wp:attachment":[{"href":"https:\/\/centropodologicocrevillente.com\/index.php?rest_route=%2Fwp%2Fv2%2Fmedia&parent=170"}],"curies":[{"name":"wp","href":"https:\/\/api.w.org\/{rel}","templated":true}]}}